{"id":2,"date":"2019-05-03T03:15:37","date_gmt":"2019-05-03T01:15:37","guid":{"rendered":"http:\/\/www.kazacube.com\/site\/?page_id=2"},"modified":"2024-11-28T21:28:04","modified_gmt":"2024-11-28T20:28:04","slug":"nous-connaitre","status":"publish","type":"page","link":"https:\/\/www.kazacube.com\/site\/nous-connaitre\/","title":{"rendered":"Vision Kazacube"},"content":{"rendered":"<div class=\"wp-block-image\">\n<figure class=\"alignleft is-resized\"><img loading=\"lazy\" decoding=\"async\" src=\"http:\/\/www.kazacube.com\/site\/wp-content\/uploads\/2019\/05\/images-slider-7-pen-masque-1-1024x521.jpg\" alt=\"\" class=\"wp-image-1981\" style=\"width:342px;height:174px\" width=\"342\" height=\"174\" srcset=\"https:\/\/www.kazacube.com\/site\/wp-content\/uploads\/2019\/05\/images-slider-7-pen-masque-1-1024x521.jpg 1024w, https:\/\/www.kazacube.com\/site\/wp-content\/uploads\/2019\/05\/images-slider-7-pen-masque-1-300x153.jpg 300w, https:\/\/www.kazacube.com\/site\/wp-content\/uploads\/2019\/05\/images-slider-7-pen-masque-1-768x390.jpg 768w, https:\/\/www.kazacube.com\/site\/wp-content\/uploads\/2019\/05\/images-slider-7-pen-masque-1.jpg 1196w\" sizes=\"auto, (max-width: 342px) 100vw, 342px\" \/><\/figure>\n<\/div>\n\n\n<h3 class=\"wp-block-heading\">Nos valeurs<\/h3>\n\n\n<p>Simplicit\u00e9, inventivit\u00e9 et efficacit\u00e9<\/p>\n\n\n<h3 class=\"wp-block-heading\">Notre vision<\/h3>\n\n\n\n<p>Nous souhaitons \u00eatre des acc\u00e9l\u00e9rateurs du d\u00e9veloppement et de la r\u00e9ussite de nos clients et partenaires. En donnant du sens aux projets que nous accompagnons, nous mobilisons les intelligences des \u00e9quipes de Kazacube et de nos clients pour r\u00e9ussir ensemble.<\/p>\n\n\n\n<p><\/p>\n\n\n\n<hr class=\"wp-block-separator has-css-opacity is-style-wide\"\/>\n\n\n\n<h2 class=\"wp-block-heading\"><a href=\"https:\/\/www.kazacube.com\/sitenous-connaitre\">Nos \u00e9quipes<\/a><\/h2>\n\n\n\n<div class=\"wp-block-media-text is-stacked-on-mobile alignwide\" style=\"grid-template-columns:77% auto\"><figure class=\"wp-block-media-text__media\"><img loading=\"lazy\" decoding=\"async\" width=\"1024\" height=\"114\" src=\"http:\/\/www.kazacube.com\/site\/wp-content\/uploads\/2019\/08\/logo_bandeau_3poles_horizontal_v1-1-1024x114.png\" alt=\"\" class=\"wp-image-2118 size-full\" srcset=\"https:\/\/www.kazacube.com\/site\/wp-content\/uploads\/2019\/08\/logo_bandeau_3poles_horizontal_v1-1-1024x114.png 1024w, https:\/\/www.kazacube.com\/site\/wp-content\/uploads\/2019\/08\/logo_bandeau_3poles_horizontal_v1-1-300x33.png 300w, https:\/\/www.kazacube.com\/site\/wp-content\/uploads\/2019\/08\/logo_bandeau_3poles_horizontal_v1-1-768x86.png 768w\" sizes=\"auto, (max-width: 1024px) 100vw, 1024px\" \/><\/figure><div class=\"wp-block-media-text__content\">\n<p class=\"has-large-font-size\"><\/p>\n<\/div><\/div>\n\n\n\n<h4 class=\"wp-block-heading\">Notre \u00e9quipe est riche de ses diversit\u00e9s. <\/h4>\n\n\n\n<p><strong>COMP\u00c9TENCES FONCTIONNELLES :<\/strong><br>Gestion de projet<br>Gestion de production<br>Gestion commerciale, marketing, administration des ventes, gestion des stocks, <br>Comptabilit\u00e9, contr\u00f4le de gestion, audit, budget, tr\u00e9sorerie<br>Gestion RH et paie<\/p>\n\n\n\n<p><strong>COMP\u00c9TENCES TECHNIQUES :<\/strong><br>Configuration de serveurs Linux (ou Windows)<br>D\u00e9veloppement en langages Python, Java, PHP<br>Administration de bases de donn\u00e9es MySQL, PosgreSQL<\/p>\n\n\n\n<p><strong data-rich-text-format-boundary=\"true\">EXP\u00c9RIENCES : <\/strong><br data-rich-text-line-break=\"true\">Gestion de <strong>projets complexes<\/strong> (projets de coop\u00e9ration internationale dans le secteur financier)<br>Int\u00e9gration du <strong>progiciel Odoo<\/strong> (PME, Etablissements financiers, &#8230;)<br>Int\u00e9gration du <strong>progiciel OpenProd<\/strong> dans plusieurs secteurs industriels : automobile, m\u00e9tallurgie, textile<br>Int\u00e9gration <strong>Solutions CRM et Business Intelligence<\/strong> (Distribution, Leasing, Microfinance, Banque&#8230;), <strong>Loan tracking systems<\/strong>, <strong>Applications Web et e-commerce<\/strong><\/p>\n","protected":false},"excerpt":{"rendered":"<p>Nos valeurs Simplicit\u00e9, inventivit\u00e9 et efficacit\u00e9 Notre vision Nous souhaitons \u00eatre des acc\u00e9l\u00e9rateurs du d\u00e9veloppement et de la r\u00e9ussite de nos clients et partenaires. En donnant du sens aux projets que nous accompagnons, nous mobilisons les intelligences des \u00e9quipes de Kazacube et de nos clients pour r\u00e9ussir ensemble. Nos \u00e9quipes Notre \u00e9quipe est riche de [&hellip;]<\/p>\n","protected":false},"author":2,"featured_media":0,"parent":0,"menu_order":0,"comment_status":"closed","ping_status":"open","template":"","meta":{"footnotes":""},"class_list":["post-2","page","type-page","status-publish","hentry"],"yoast_head":"<!-- This site is optimized with the Yoast SEO plugin v27.5 - https:\/\/yoast.com\/product\/yoast-seo-wordpress\/ -->\n<title>Vision Kazacube - Kazacube-Conseil-Informatique-Formation<\/title>\n<meta name=\"robots\" content=\"index, follow, max-snippet:-1, max-image-preview:large, max-video-preview:-1\" \/>\n<link rel=\"canonical\" href=\"https:\/\/www.kazacube.com\/site\/nous-connaitre\/\" \/>\n<meta property=\"og:locale\" content=\"fr_FR\" \/>\n<meta property=\"og:type\" content=\"article\" \/>\n<meta property=\"og:title\" content=\"Vision Kazacube - Kazacube-Conseil-Informatique-Formation\" \/>\n<meta property=\"og:description\" content=\"Nos valeurs Simplicit\u00e9, inventivit\u00e9 et efficacit\u00e9 Notre vision Nous souhaitons \u00eatre des acc\u00e9l\u00e9rateurs du d\u00e9veloppement et de la r\u00e9ussite de nos clients et partenaires. En donnant du sens aux projets que nous accompagnons, nous mobilisons les intelligences des \u00e9quipes de Kazacube et de nos clients pour r\u00e9ussir ensemble. Nos \u00e9quipes Notre \u00e9quipe est riche de [&hellip;]\" \/>\n<meta property=\"og:url\" content=\"https:\/\/www.kazacube.com\/site\/nous-connaitre\/\" \/>\n<meta property=\"og:site_name\" content=\"Kazacube-Conseil-Informatique-Formation\" \/>\n<meta property=\"article:modified_time\" content=\"2024-11-28T20:28:04+00:00\" \/>\n<meta property=\"og:image\" content=\"http:\/\/www.kazacube.com\/site\/wp-content\/uploads\/2019\/05\/images-slider-7-pen-masque-1-1024x521.jpg\" \/>\n<meta name=\"twitter:card\" content=\"summary_large_image\" \/>\n<meta name=\"twitter:label1\" content=\"Dur\u00e9e de lecture estim\u00e9e\" \/>\n\t<meta name=\"twitter:data1\" content=\"2 minutes\" \/>\n<script type=\"application\/ld+json\" class=\"yoast-schema-graph\">{\"@context\":\"https:\\\/\\\/schema.org\",\"@graph\":[{\"@type\":\"WebPage\",\"@id\":\"https:\\\/\\\/www.kazacube.com\\\/site\\\/nous-connaitre\\\/\",\"url\":\"https:\\\/\\\/www.kazacube.com\\\/site\\\/nous-connaitre\\\/\",\"name\":\"Vision Kazacube - Kazacube-Conseil-Informatique-Formation\",\"isPartOf\":{\"@id\":\"https:\\\/\\\/www.kazacube.com\\\/site\\\/#website\"},\"primaryImageOfPage\":{\"@id\":\"https:\\\/\\\/www.kazacube.com\\\/site\\\/nous-connaitre\\\/#primaryimage\"},\"image\":{\"@id\":\"https:\\\/\\\/www.kazacube.com\\\/site\\\/nous-connaitre\\\/#primaryimage\"},\"thumbnailUrl\":\"http:\\\/\\\/www.kazacube.com\\\/site\\\/wp-content\\\/uploads\\\/2019\\\/05\\\/images-slider-7-pen-masque-1-1024x521.jpg\",\"datePublished\":\"2019-05-03T01:15:37+00:00\",\"dateModified\":\"2024-11-28T20:28:04+00:00\",\"breadcrumb\":{\"@id\":\"https:\\\/\\\/www.kazacube.com\\\/site\\\/nous-connaitre\\\/#breadcrumb\"},\"inLanguage\":\"fr-FR\",\"potentialAction\":[{\"@type\":\"ReadAction\",\"target\":[\"https:\\\/\\\/www.kazacube.com\\\/site\\\/nous-connaitre\\\/\"]}]},{\"@type\":\"ImageObject\",\"inLanguage\":\"fr-FR\",\"@id\":\"https:\\\/\\\/www.kazacube.com\\\/site\\\/nous-connaitre\\\/#primaryimage\",\"url\":\"http:\\\/\\\/www.kazacube.com\\\/site\\\/wp-content\\\/uploads\\\/2019\\\/05\\\/images-slider-7-pen-masque-1-1024x521.jpg\",\"contentUrl\":\"http:\\\/\\\/www.kazacube.com\\\/site\\\/wp-content\\\/uploads\\\/2019\\\/05\\\/images-slider-7-pen-masque-1-1024x521.jpg\"},{\"@type\":\"BreadcrumbList\",\"@id\":\"https:\\\/\\\/www.kazacube.com\\\/site\\\/nous-connaitre\\\/#breadcrumb\",\"itemListElement\":[{\"@type\":\"ListItem\",\"position\":1,\"name\":\"Accueil\",\"item\":\"https:\\\/\\\/www.kazacube.com\\\/site\\\/\"},{\"@type\":\"ListItem\",\"position\":2,\"name\":\"Vision Kazacube\"}]},{\"@type\":\"WebSite\",\"@id\":\"https:\\\/\\\/www.kazacube.com\\\/site\\\/#website\",\"url\":\"https:\\\/\\\/www.kazacube.com\\\/site\\\/\",\"name\":\"Kazacube-Conseil-Informatique-Formation\",\"description\":\"R\u00e9v\u00e9lateur de succ\u00e8s\",\"potentialAction\":[{\"@type\":\"SearchAction\",\"target\":{\"@type\":\"EntryPoint\",\"urlTemplate\":\"https:\\\/\\\/www.kazacube.com\\\/site\\\/?s={search_term_string}\"},\"query-input\":{\"@type\":\"PropertyValueSpecification\",\"valueRequired\":true,\"valueName\":\"search_term_string\"}}],\"inLanguage\":\"fr-FR\"}]}<\/script>\n<!-- \/ Yoast SEO plugin. -->","yoast_head_json":{"title":"Vision Kazacube - Kazacube-Conseil-Informatique-Formation","robots":{"index":"index","follow":"follow","max-snippet":"max-snippet:-1","max-image-preview":"max-image-preview:large","max-video-preview":"max-video-preview:-1"},"canonical":"https:\/\/www.kazacube.com\/site\/nous-connaitre\/","og_locale":"fr_FR","og_type":"article","og_title":"Vision Kazacube - Kazacube-Conseil-Informatique-Formation","og_description":"Nos valeurs Simplicit\u00e9, inventivit\u00e9 et efficacit\u00e9 Notre vision Nous souhaitons \u00eatre des acc\u00e9l\u00e9rateurs du d\u00e9veloppement et de la r\u00e9ussite de nos clients et partenaires. En donnant du sens aux projets que nous accompagnons, nous mobilisons les intelligences des \u00e9quipes de Kazacube et de nos clients pour r\u00e9ussir ensemble. Nos \u00e9quipes Notre \u00e9quipe est riche de [&hellip;]","og_url":"https:\/\/www.kazacube.com\/site\/nous-connaitre\/","og_site_name":"Kazacube-Conseil-Informatique-Formation","article_modified_time":"2024-11-28T20:28:04+00:00","og_image":[{"url":"http:\/\/www.kazacube.com\/site\/wp-content\/uploads\/2019\/05\/images-slider-7-pen-masque-1-1024x521.jpg","type":"","width":"","height":""}],"twitter_card":"summary_large_image","twitter_misc":{"Dur\u00e9e de lecture estim\u00e9e":"2 minutes"},"schema":{"@context":"https:\/\/schema.org","@graph":[{"@type":"WebPage","@id":"https:\/\/www.kazacube.com\/site\/nous-connaitre\/","url":"https:\/\/www.kazacube.com\/site\/nous-connaitre\/","name":"Vision Kazacube - Kazacube-Conseil-Informatique-Formation","isPartOf":{"@id":"https:\/\/www.kazacube.com\/site\/#website"},"primaryImageOfPage":{"@id":"https:\/\/www.kazacube.com\/site\/nous-connaitre\/#primaryimage"},"image":{"@id":"https:\/\/www.kazacube.com\/site\/nous-connaitre\/#primaryimage"},"thumbnailUrl":"http:\/\/www.kazacube.com\/site\/wp-content\/uploads\/2019\/05\/images-slider-7-pen-masque-1-1024x521.jpg","datePublished":"2019-05-03T01:15:37+00:00","dateModified":"2024-11-28T20:28:04+00:00","breadcrumb":{"@id":"https:\/\/www.kazacube.com\/site\/nous-connaitre\/#breadcrumb"},"inLanguage":"fr-FR","potentialAction":[{"@type":"ReadAction","target":["https:\/\/www.kazacube.com\/site\/nous-connaitre\/"]}]},{"@type":"ImageObject","inLanguage":"fr-FR","@id":"https:\/\/www.kazacube.com\/site\/nous-connaitre\/#primaryimage","url":"http:\/\/www.kazacube.com\/site\/wp-content\/uploads\/2019\/05\/images-slider-7-pen-masque-1-1024x521.jpg","contentUrl":"http:\/\/www.kazacube.com\/site\/wp-content\/uploads\/2019\/05\/images-slider-7-pen-masque-1-1024x521.jpg"},{"@type":"BreadcrumbList","@id":"https:\/\/www.kazacube.com\/site\/nous-connaitre\/#breadcrumb","itemListElement":[{"@type":"ListItem","position":1,"name":"Accueil","item":"https:\/\/www.kazacube.com\/site\/"},{"@type":"ListItem","position":2,"name":"Vision Kazacube"}]},{"@type":"WebSite","@id":"https:\/\/www.kazacube.com\/site\/#website","url":"https:\/\/www.kazacube.com\/site\/","name":"Kazacube-Conseil-Informatique-Formation","description":"R\u00e9v\u00e9lateur de succ\u00e8s","potentialAction":[{"@type":"SearchAction","target":{"@type":"EntryPoint","urlTemplate":"https:\/\/www.kazacube.com\/site\/?s={search_term_string}"},"query-input":{"@type":"PropertyValueSpecification","valueRequired":true,"valueName":"search_term_string"}}],"inLanguage":"fr-FR"}]}},"_links":{"self":[{"href":"https:\/\/www.kazacube.com\/site\/wp-json\/wp\/v2\/pages\/2","targetHints":{"allow":["GET"]}}],"collection":[{"href":"https:\/\/www.kazacube.com\/site\/wp-json\/wp\/v2\/pages"}],"about":[{"href":"https:\/\/www.kazacube.com\/site\/wp-json\/wp\/v2\/types\/page"}],"author":[{"embeddable":true,"href":"https:\/\/www.kazacube.com\/site\/wp-json\/wp\/v2\/users\/2"}],"replies":[{"embeddable":true,"href":"https:\/\/www.kazacube.com\/site\/wp-json\/wp\/v2\/comments?post=2"}],"version-history":[{"count":76,"href":"https:\/\/www.kazacube.com\/site\/wp-json\/wp\/v2\/pages\/2\/revisions"}],"predecessor-version":[{"id":2402,"href":"https:\/\/www.kazacube.com\/site\/wp-json\/wp\/v2\/pages\/2\/revisions\/2402"}],"wp:attachment":[{"href":"https:\/\/www.kazacube.com\/site\/wp-json\/wp\/v2\/media?parent=2"}],"curies":[{"name":"wp","href":"https:\/\/api.w.org\/{rel}","templated":true}]}}